se 3) in base 13?
-4
e (base 16) to base 14
10
Convert -10 (base 5) to base 12.
-5
-3 (base 11) to base 12
-3
What is 11 (base 3) in base 9?
4
What is -16 (base 12) in base 5?
-33
Convert -24 (base 8) to base 7.
-26
4 (base 16) to base 6
4
What is d (base 15) in base 12?
11
Convert 14 (base 10) to base 3.
112
12 (base 3) to base 8
5
Convert 104 (base 7) to base 2.
110101
Convert e (base 16) to base 3.
112
Convert -7 (base 9) to base 5.
-12
What is -1 (base 9) in base 10?
-1
Convert 0 (base 8) to base 12.
0
Convert 123 (base 5) to base 12.
32
3 (base 11) to base 13
3
What is -2 (base 16) in base 3?
-2
Convert 10 (base 8) to base 7.
11
-22 (base 9) to base 12
-18
What is 223 (base 4) in base 15?
2d
Convert -12 (base 3) to base 4.
-11
What is 6 (base 15) in base 13?
6
13 (base 15) to base 12
16
What is -11111 (base 2) in base 13?
-25
Convert 385 (base 9) to base 16.
140
1 (base 8) to base 15
1
What is 6 (base 8) in base 15?
6
Convert -5 (base 14) to base 10.
-5
23 (base 7) to base 6
25
-454 (base 8) to base 15
-150
-3 (base 13) to base 6
-3
-225 (base 6) to base 10
-89
Convert 1 (base 10) to base 8.
1
-1 (base 8) to base 15
-1
What is 6 (base 7) in base 2?
110
13 (base 5) to base 14
8
What is 5 (base 16) in base 3?
12
What is 8 (base 16) in base 12?
8
104 (base 6) to base 11
37
Convert -4 (base 16) to base 8.
-4
-1 (base 14) to base 6
-1
-15 (base 6) to base 3
-102
What is 1 (base 9) in base 15?
1
Convert 214 (base 6) to base 2.
1010010
3 (base 9) to base 6
3
Convert 95 (base 11) to base 9.
125
What is 6 (base 8) in base 13?
6
What is 143 (base 8) in base 9?
120
3 (base 10) to base 11
3
Convert 12 (base 4) to base 2.
110
What is -103 (base 7) in base 13?
-40
What is 2 (base 11) in base 10?
2
What is -6 (base 8) in base 14?
-6
Convert 13 (base 10) to base 5.
23
Convert 6 (base 11) to base 3.
20
What is -23 (base 8) in base 6?
-31
Convert 12110 (base 3) to base 14.
a7
Convert 34 (base 12) to base 11.
37
Convert 1 (base 16) to base 15.
1
-b (base 14) to base 9
-12
3 (base 14) to base 10
3
Convert -11 (base 2) to base 4.
-3
331 (base 6) to base 15
87
Convert 99 (base 10) to base 11.
90
What is -11 (base 6) in base 2?
-111
-26 (base 10) to base 14
-1c
1 (base 13) to base 16
1
2 (base 14) to base 5
2
What is 1 (base 15) in base 3?
1
What is -7 (base 11) in base 3?
-21
What is -6 (base 9) in base 2?
-110
0 (base 12) to base 11
0
Convert 2 (base 7) to base 14.
2
What is 170 (base 10) in base 15?
b5
d (base 14) to base 2
1101
0 (base 16) to base 15
0
What is -20 (base 6) in base 15?
-c
a0 (base 11) to base 14
7c
What is -13 (base 5) in base 11?
-8
Convert -26 (base 7) to base 5.
-40
What is 314 (base 7) in base 15?
a8
Convert 1a (base 15) to base 6.
41
What is -63 (base 7) in base 8?
-55
Convert 135 (base 12) to base 7.
353
-6 (base 13) to base 2
-110
57 (base 13) to base 6
200
Convert -3 (base 13) to base 5.
-3
Convert -16 (base 11) to base 2.
-10001
-111100 (base 2) to base 10
-60
What is -330 (base 4) in base 10?
-60
What is -41 (base 10) in base 11?
-38
Convert -45 (base 6) to base 14.
-21
2200 (base 3) to base 16
48
Convert 7 (base 11) to base 15.
7
Convert 101000 (base 2) to base 15.
2a
-341 (base 5) to base 10
-96
What is -133 (base 9) in base 7?
-216
-1 (base 13) to base 6
-1
Convert -3 (base 7) to base 4.
-3
Convert -49 (base 10) to base 13.
-3a
-124 (base 6) to base 14
-3a
What is 1 (base 12) in base 14?
1
What is 7 (base 9) in base 2?
111
What is -131 (base 8) in base 4?
-1121
1c (base 13) to base 7
34
Convert -13 (base 6) to base 5.
-14
-2 (base 6) to base 4
-2
Convert 2 (base 11) to base 8.
2
What is -10 (base 4) in base 3?
-11
Convert -4 (base 8) to base 14.
-4
What is -10 (base 4) in base 13?
-4
-54 (base 8) to base 16
-2c
Convert -11 (base 3) to base 13.
-4
-101110 (base 2) to base 16
-2e
What is -12 (base 4) in base 7?
-6
What is -3 (base 12) in base 8?
-3
Convert -25 (base 7) to base 11.
-18
What is -3 (base 8) in base 4?
-3
3 (base 4) to base 16
3
What is -5 (base 15) in base 11?
-5
What is 130 (base 12) in base 11?
154
-a (base 14) to base 16
-a
101001 (base 2) to base 9
45
Convert 46 (base 7) to base 15.
24
What is 101 (base 8) in base 15?
45
Convert 230 (base 9) to base 10.
189
What is -b (base 15) in base 9?
-12
What is -41 (base 5) in base 8?
-25
-21 (base 9) to base 5
-34
Convert 3b (base 13) to base 9.
55
-2223 (base 4) to base 12
-123
Convert -12a (base 11) to base 2.
-10011001
Convert -2 (base 11) to base 9.
-2
What is 100122 (base 3) in base 8?
404
2 (base 3) to base 8
2
What is -1 (base 7) in base 3?
-1
Convert 1221 (base 3) to base 9.
57
What is 0 (base 3) in base 15?
0
What is 103 (base 7) in base 5?
202
What is 5 (base 13) in base 2?
101
What is -4 (base 10) in base 3?
-11
What is -5 (base 13) in base 6?
-5
Convert -35 (base 12) to base 14.
-2d
-3 (base 16) to base 8
-3
Convert 12120 (base 3) to base 14.
aa
What is 20 (base 8) in base 10?
16
Convert -a2 (base 13) to base 10.
-132
What is 2032 (base 4) in base 5?
1032
Convert 13 (base 9) to base 14.
c
What is -2 (base 9) in base 12?
-2
32 (base 8) to base 6
42
-14 (base 8) to base 9
-13
What is 42 (base 9) in base 7?
53
-1 (base 13) to base 2
-1
What is 10001 (base 2) in base 16?
11
Convert -2 (base 8) to base 7.
-2
Convert -45 (base 8) to base 10.
-37
0 (base 14) to base 8
0
Convert 70 (base 12) to base 4.
1110
What is -2 (base 11) in base 2?
-10
47 (base 9) to base 16
2b
-7 (base 13) to base 16
-7
Convert -4 (base 7) to base 2.
-100
What is 20 (base 16) in base 2?
100000
What is -1230 (base 4) in base 7?
-213
Convert -31 (base 13) to base 7.
-55
What is -1 (base 4) in base 12?
-1
What is 1 (base 4) in base 3?
1
What is 6 (base 10) in base 9?
6
What is -4 (base 11) in base 7?
-4
Convert 6 (base 12) to base 2.
110
-11 (base 3) to base 12
-4
Convert 12 (base 3) to base 14.
5
Convert -130 (base 6) to base 11.
-4a
0 (base 12) to base 11
0
Convert c (base 15) to base 11.
11
What is 1341 (base 6) in base 5?
2344
Convert -1 (base 16) to base 13.
-1
Convert -15 (base 15) to base 7.
-26
10 (base 8) to base 3
22
What is 230 (base 8) in base 9?
178
-14 (base 13) to base 8
-21
-1 (base 9) to base 12
-1
0 (base 11) to base 16
0
Convert 206 (base 9) to base 12.
120
Convert 0 (base 15) to base 4.
0
Convert 0 (base 3) to base 4.
0
-1 (base 14) to base 9
-1
-104 (base 10) to base 15
-6e
What is 5 (base 10) in base 11?
5
16 (base 11) to base 9
18
Convert -30 (base 4) to base 6.
-20
Convert -3 (base 13) to base 6.
-3
Convert 3 (base 4) to base 2.
11
What is 11 (base 3) in base 11?
4
-3 (base 7) to base 10
-3
Convert -5 (base 8) to base 12.
-5
Convert -28 (base 11) to base 15.
-20
Convert -12 (base 7) to base 16.
-9
What is 32 (base 7) in base 3?
212
Convert -b (base 15) to base 4.
-23
Convert 1 (base 3) to base 16.
1
1001 (base 4) to base 2
1000001
3 (base 5) to base 6
3
1b (base 13) to base 12
20
47 (base 8) to base 9
43
What is 3c (base 16) in base 14?
44
0 (base 8) to base 11
0
Convert -15 (base 11) to base 4.
-100
Convert 3 (base 7) to base 11.
3
-1 (base 5) to base 11
-1
What is 100100 (base 2) in base 5?
121
Convert -63 (base 7) to base 2.
-101101
Convert -14 (base 15) to base 11.
-18
What is 24 (base 8) in base 12?
18
-2 (base 6) to base 2
-10
What is -27 (base 12) in base 3?
-1011
Convert 20 (base 5) to base 6.
14
What is 3 (base 11) in base 13?
3
Convert 15 (base 11) to base 7.
22
-3 (base 9) to base 8
-3
Convert -7 (base 15) to base 5.
-12
What is -108 (base 10) in base 15?
-73
Convert -1110 (base 2) to base 7.
-20
-10100000 (base 2) to base 14
-b6
What is 92 (base 10) in base 3?
10102
-10 (base 2) to base 12
-2
What is -3 (base 15) in base 13?
-3
Convert -213 (base 6) to base 15.
-56
Convert -224 (base 10) to base 12.
-168
Convert 3 (base 14) to base 13.
3
Convert 5 (base 11) to base 15.
5
2c (base 16) to base 3
1122
What is -10 (base 2) in base 9?
-2
Convert 4 (base 8) to base 11.
4
-7 (base 15) to base 12
-7
-37 (base 11) to base 7
-55
-1110 (base 4) to base 13
-66
10101 (base 2) to base 4
111
What is 6 (base 7) in base 10?
6
20 (base 3) to base 12
6
What is 3 (base 10) in base 4?
3
-1 (base 11) to base 6
-1
3 (base 7) to base 14
3
What is 18 (base 11) in base 3?
201
Convert -1 (base 14) to base 6.
-1
Convert -12 (base 9) to base 4.
-23
Convert -4 (base 7) to base 3.
-11
Co